 + b + 117, a - 107*b = -111*b + 36. What is the greatest common divisor of a and c?
24
Let g(r) = -17*r + 265. Let k be g(14). Calculate the greatest common divisor of k and 54.
27
Let w be 297/(-162)*-6 + 6353. What is the highest common divisor of 444 and w?
148
Let p = 144 + -40. Let n = p + -19. Let w = -79 + n. Calculate the greatest common factor of w and 3.
3
Suppose 0 = c + 1 + 5. Let f be (3 + c)/((-1 + -2)/3). Calculate the highest common factor of 2 and f.
1
Let m be 10 + 11 + (2 - -31). What is the greatest common factor of 2187 and m?
27
Let p(z) = 4*z**2 + 10*z + 23. Let n(r) = -5*r**2 - 11*r - 24. Let s(x) = -5*n(x) - 6*p(x). Let w be s(9). What is the greatest common factor of 99 and w?
9
Suppose 40*p + 2376 = 2976. Calculate the highest common factor of 520 and p.
5
Let r = 65 + -39. Let l(n) = 153*n + n**3 + 10 + n**2 - 163*n - 9. Let h be l(-3). What is the greatest common factor of r and h?
13
Let z be (256/80)/(18/28260). What is the greatest common factor of z and 352?
32
Let z(f) = 2*f**2 + 14*f + 3. Let g be z(-9). Suppose g*o = 1169 + 3472. Calculate the greatest common factor of o and 17.
17
Let j be 2/((-1 - 0) + 2). Suppose 76 = j*a + 2*a. Suppose -3*u = -5*z - 59, 15*u = 20*u + 3*z - 223. What is the highest common divisor of a and u?
19
Let a(l) = 56*l**3 + 2*l**2 - 5*l + 4. Let j be a(2). Suppose -2*r - 224 = -h, 5*h + 5*r = 7*h - j. Calculate the highest common divisor of h and 88.
44
Let u(b) = -131*b - 4. Let c be u(-2). Let q = 368 - c. What is the greatest common divisor of q and 10?
10
Suppose 2*y - 440 = 2*o - 420, 32 = 4*y + 4*o. Calculate the highest common divisor of 30 and y.
3
Let b(a) = 31*a - 110. Let w(d) = 11*d - 37. Let l(g) = -6*b(g) + 17*w(g). Let x be l(10). What is the greatest common divisor of x and 574?
41
Let f be 14/4*282/21. Let q be 36/((-1 - -3) + -3). Let h = f + q. What is the greatest common divisor of h and 11?
11
Let q = 62 + -69. Let v(a) = a**3 + 9*a**2 + 2*a - 24. Let g be v(q). What is the highest common divisor of g and 465?
15
Let l be ((-21632)/(-80))/26*5/2. Suppose 3*a + 2*a = 15. Suppose -a*u + 16 = -l. What is the highest common divisor of u and 42?
14
Suppose 0 = 1960*o - 1956*o - 2152. Let i = o - 298. What is the highest common divisor of i and 100?
20
Suppose -2*z + 12*f - 8*f = -40, -60 = -5*z + 2*f. Calculate the greatest common divisor of 14530 and z.
10
Let v = -509 + 704. Suppose 3*b - 16*b = -v. Let y be (25/(-2) + 0)*-6. Calculate the highest common factor of y and b.
15
Let l(z) = 5*z**3 + 5*z**2 - 6*z**3 - 11*z - 6 - 11*z**2. Let y be l(-5). What is the greatest common divisor of 24 and y?
24
Suppose n - 3*n + 320 = 3*b, 0 = n + 4*b - 150. Suppose 2*l - n = 154. Let z be (-10)/((-36)/16*2 - -4). Calculate the greatest common divisor of z and l.
20
Suppose -3*n + 259 = 5*p, 76 = n - 4*p - 16. What is the highest common factor of n and 506?
22
Suppose 44*i - 48*i + 48 = 0. Suppose -5*c - 139 = -624. Let p = c - 13. What is the highest common factor of i and p?
12
Suppose -2*m = -0*m - 0*m. Suppose m = -4*g - 4*k + 16, 2*k + 8 = 5*g - 5. Suppose t = 5*x + 166 + 81, x = -g. Calculate the highest common factor of t and 29.
29
Let i = -12141 + 12231. What is the highest common factor of 1458 and i?
18
Let r be 1 + 2/(-3)*-3. Suppose 0*u + 12 = r*u. Suppose 8*s = u*s + 52. What is the greatest common factor of s and 117?
13
Let n = 3376 - 3368. Calculate the greatest common divisor of n and 512.
8
Suppose -2*l + 3*h - 9 = 0, -3*l - 9 = -5*h + 7. Let v(f) = -185*f + 3894. Let k be v(21). Calculate the greatest common factor of l and k.
3
Suppose -2*h = 3*h - 40. Let p(w) = -w**3 + 9*w**2 + 5*w - 6. Let s be p(h). Suppose -699 = 13*m - 881. What is the greatest common divisor of s and m?
14
Let d(q) = 7*q**2 - 5*q - 30. Let h = 457 + -460. Let y be d(h). Calculate the greatest common divisor of y and 42.
6
Suppose 20*a = m + 19*a - 3897, a + 7797 = 2*m. Calculate the greatest common factor of 180 and m.
60
Let d be 1/((3 - 2)/3 - 0). Let j be 28 + 1 - ((-4 - 3) + d). What is the greatest common divisor of j and 22?
11
Let i(v) = -62*v**3 - 3*v - 2. Let u be (49/14)/7*-2. Let x be i(u). What is the greatest common divisor of x and 28?
7
Let p be 110/2 + (-2)/(-2). Let h(w) = 4*w**3 - 2*w**2 - w + 6. Let t be h(2). Let g = -14 + t. What is the greatest common factor of p and g?
14
Let f(j) = j**2 - 25*j + 148. Let s be f(8). Calculate the greatest common factor of s and 5316.
12
Let y(b) = -2*b**3 - 480 + 477 - 6*b - 2*b**2 + b**3. Let q be y(-2). Suppose q*f + 118 = 685. Calculate the highest common factor of 18 and f.
9
Let o(i) = -2*i**2 - 8*i - 7. Let g be o(-8). Let z = g + 41. Let y = z + 34. What is the highest common divisor of 10 and y?
2
Let y = -5111 - -11204. Calculate the highest common factor of y and 9.
9
Let w(i) = 156*i**2 + 28*i + 121. Let o be w(-4). Calculate the highest common factor of o and 15.
15
Let c(o) = -6*o**3 + 7*o**2 - 6*o - 3. Let f = 8 + -4. Let h be c(f). Let v = -139 - h. Calculate the highest common divisor of 20 and v.
20
Let b = 22618 + -17720. What is the highest common factor of b and 62?
62
Let a(i) = 2*i**2 - 2*i - 29. Let c be a(-4). Suppose -k = 4*k + 8360. Let f be (-4)/(-14) - k/77. Calculate the highest common divisor of c and f.
11
Suppose -117 = 145*g - 148*g. Let x be (12 + 0/(-2))*4. Let w = x - g. What is the greatest common divisor of w and 72?
9
Let m be 16 - -4*(-2)/(-8)*(-1 + 3). Calculate the highest common divisor of m and 639.
9
Let q(d) = -d**3 - 3*d**2 - 9*d - 5. Let g be q(-3). Suppose 2*w = 13 - 5. Suppose v - g - w = -4*c, 9 = 3*c. Calculate the highest common factor of v and 112.
14
Let d be (16/20)/(4/(-10)). Let y be (-18 - 0)*((-54)/12 - d). Let j be (-2)/(-5)*(47 - (-3 + 5)). Calculate the greatest common divisor of y and j.
9
Suppose -2*t - a + 2*a + 13 = 0, -16 = t - 5*a. Suppose 51 = 12*s - t*s. Let l = 41 - s. Calculate the greatest common factor of 8 and l.
8
Suppose -2*v + 1602 = 5*z, -1605 = -2*z - 3*z - 5*v. What is the highest common divisor of z and 256?
64
Let a(z) = -34 - 21*z + 9 + 18. Suppose -4*j + 10 = -5*d - 8, 4*d - j = -21. Let t be a(d). Calculate the greatest common divisor of 17 and t.
17
Suppose -4*i = i - 55. Suppose 2*s - a = 2314, s - 1263 + 120 = -3*a. Calculate the highest common divisor of s and i.
11
Suppose -11*q + 517 = -755 + 7. Calculate the highest common divisor of 85 and q.
5
Let b(o) = -o - 2. Let y be b(-4). Let l be 0 + 6/3 + 104 + -105. Calculate the greatest common factor of l and y.
1
Suppose 4*n - 1534 = 5*j, 2*n - j - 752 = -6*j. What is the greatest common divisor of 2159 and n?
127
Let f = -8520 + 19730. Calculate the greatest common divisor of 19 and f.
19
Suppose -8*w + 20 = -12. Suppose -37*t - w = -39*t. Let a be -3*((-6)/(-9) - 1). What is the highest common factor of t and a?
1
Let y = 2149 - 1980. Calculate the highest common factor of y and 91.
13
Let g = 93 - 97. Let i(b) = -b**3 - b**2 + 4*b - 20. Let k be i(g). What is the highest common factor of 732 and k?
12
Suppose -5*x - 5*k = -800, -x + 5*k = -4*x + 472. Let m be -5 - 33/(-11) - 0/(-1). Let i be m*(9 + (-590)/20). Calculate the highest common divisor of i and x.
41
Let h(z) be the first derivative of z**2 - 3*z - 20. Let g be h(10). Let c = 18 - -118. Calculate the highest common divisor of g and c.
17
Suppose -183 - 1021 = -4*n. Suppose -n*q + 462 = -295*q. Calculate the highest common divisor of q and 462.
77
Let o = -125 + 121. Let p(i) = i**3 + 11*i**2 - 2*i. Let b be p(o). What is the greatest common divisor of b and 15?
15
Let s = 130 + -60. Let u = -51 - -55. Suppose -u*x + 42 = -14. What is the greatest common factor of x and s?
14
Suppose -5*y = -35, 0 = c - 46*y + 50*y - 448. Let g(v) = v**3 + 15*v**2 + 5*v - 6. Let x be g(-14). What is the highest common divisor of c and x?
60
Let g be ((-2)/(-6))/((-3)/36) - -385. Let w be ((-4)/8)/(2/908). Let o = g + w. Calculate the highest common divisor of 14 and o.
14
Let d = 3362 + -3258. What is the greatest common divisor of 200 and d?
8
Let s be 13/(546/1152) + (-16)/(-28). Let m = -3 - -11. Let t(b) = 4*b - 4. Let d be t(m). Calculate the highest common factor of s and d.
28
Let y = 24723 + -24155. Calculate the highest comm